at is the thousands digit of 8783480?
3
What is the millions digit of 491916964?
1
What is the hundred thousands digit of 51386114?
3
What is the thousands digit of 51251878?
1
What is the hundreds digit of 4340692?
6
What is the millions digit of 271419129?
1
What is the tens digit of 162086591?
9
What is the ten millions digit of 85389572?
8
What is the millions digit of 53771728?
3
What is the units digit of 215772216?
6
What is the thousands digit of 240165319?
5
What is the ten thousands digit of 139032351?
3
What is the ten thousands digit of 862283471?
8
What is the billions digit of 1412746759?
1
What is the millions digit of 32352810?
2
What is the hundred millions digit of 593902507?
5
What is the hundreds digit of 23191185?
1
What is the ten thousands digit of 11485751?
8
What is the millions digit of 7585308270?
5
What is the millions digit of 9028639?
9
What is the ten thousands digit of 46011469?
1
What is the hundred millions digit of 880625745?
8
What is the ten thousands digit of 1206547590?
4
What is the millions digit of 423791504?
3
What is the hundreds digit of 24908103?
1
What is the thousands digit of 220906691?
6
What is the ten millions digit of 363898201?
6
What is the thousands digit of 288434710?
4
What is the tens digit of 24776788?
8
What is the units digit of 34088929?
9
What is the hundreds digit of 95390484?
4
What is the thousands digit of 1075652330?
2
What is the units digit of 577666499?
9
What is the ten millions digit of 42758725?
4
What is the millions digit of 2548539625?
8
What is the ten millions digit of 745623899?
4
What is the tens digit of 203421789?
8
What is the millions digit of 723566898?
3
What is the tens digit of 185581383?
8
What is the thousands digit of 6232472998?
2
What is the ten thousands digit of 18624234?
2
What is the ten thousands digit of 45982077?
8
What is the hundreds digit of 33964855?
8
What is the hundred thousands digit of 41661770?
6
What is the hundreds digit of 1244210566?
5
What is the ten thousands digit of 1684868?
8
What is the tens digit of 2616176845?
4
What is the ten millions digit of 124451830?
2
What is the hundred thousands digit of 1530934978?
9
What is the ten millions digit of 35562142?
3
What is the units digit of 212260586?
6
What is the ten millions digit of 268239580?
6
What is the ten millions digit of 561459544?
6
What is the thousands digit of 42712797?
2
What is the billions digit of 8020160236?
8
What is the thousands digit of 420222317?
2
What is the ten millions digit of 80929684?
8
What is the units digit of 166377276?
6
What is the ten thousands digit of 740276075?
7
What is the tens digit of 68201342?
4
What is the millions digit of 25063826?
5
What is the hundreds digit of 1010471377?
3
What is the units digit of 50344756?
6
What is the tens digit of 19387266?
6
What is the hundred thousands digit of 199510295?
5
What is the ten thousands digit of 1068989821?
8
What is the ten millions digit of 1915486907?
1
What is the hundreds digit of 3819955070?
0
What is the hundred thousands digit of 3350505021?
5
What is the millions digit of 112216709?
2
What is the hundred thousands digit of 364241901?
2
What is the units digit of 33125379?
9
What is the ten thousands digit of 734620672?
2
What is the hundreds digit of 964029479?
4
What is the millions digit of 1920334059?
0
What is the tens digit of 34490302?
0
What is the units digit of 5382832?
2
What is the ten millions digit of 216426645?
1
What is the units digit of 4425163?
3
What is the units digit of 640431454?
4
What is the millions digit of 738612591?
8
What is the hundred millions digit of 694604914?
6
What is the hundreds digit of 19199877?
8
What is the ten thousands digit of 37539159?
3
What is the hundreds digit of 44329870?
8
What is the hundred millions digit of 2918009553?
9
What is the hundreds digit of 183052649?
6
What is the thousands digit of 119444483?
4
What is the hundreds digit of 285212652?
6
What is the units digit of 201835990?
0
What is the millions digit of 2318325812?
8
What is the ten millions digit of 2821778798?
2
What is the hundreds digit of 485909464?
4
What is the millions digit of 629600291?
9
What is the ten millions digit of 599095234?
9
What is the ten thousands digit of 11255353?
5
What is the hundreds digit of 2595425865?
8
What is the ten thousands digit of 51171478?
7
What is the tens digit of 623700962?
6
What is the tens digit of 135116321?
2
What is the thousands digit of 1156249601?
9
What is the ten thousands digit of 23164537?
6
What is the ten millions digit of 47324667?
4
What is the hundreds digit of 641194793?
7
What is the units digit of 8834271?
1
What is the units digit of 502354414?
4
What is the hundreds digit of 2086607951?
9
What is the ten thousands digit of 2589149029?
4
What is the thousands digit of 40307319?
7
What is the ten millions digit of 1898193405?
9
What is the ten millions digit of 492324212?
9
What is the hundred millions digit of 545060274?
5
What is the ten thousands digit of 1720745666?
4
What is the units digit of 49448222?
2
What is the units digit of 30572144?
4
What is the thousands digit of 36746394?
6
What is the hundred millions digit of 1918455454?
9
What is the tens digit of 546318378?
7
What is the tens digit of 98221890?
9
What is the tens digit of 235251018?
1
What is the units digit of 1107970561?
1
What is the hundred thousands digit of 232161211?
1
What is the hundred thousands digit of 791339461?
3
What is the ten thousands digit of 1514039571?
3
What is the ten thousands digit of 1373718426?
1
What is the ten thousands digit of 874490817?
9
What is the millions digit of 129360046?
9
What is the units digit of 468115786?
6
What is the tens digit of 362480392?
9
What is the ten thousands digit of 3417919916?
1
What is the ten millions digit of 51585823?
5
What is the hundred millions digit of 997192117?
9
What is the ten thousands digit of 2341073562?
7
What is the thousands digit of 125743273?
3
What is the tens digit of 424903272?
7
What is the hundred thousands digit of 1257906802?
9
What is the units digit of 43178227?
7
What is the ten thousands digit of 30389441?
8
What is the units digit of 14246885?
5
What is the billions digit of 2019535673?
2
What is the units digit of 781451873?
3
What is the hundred thousands digit of 36577688?
5
What is the thousands digit of 210831573?
1
What is the hundred thousands digit of 32270356?
2
What is the millions digit of 930775484?
0
What is the millions digit of 3932746572?
2
What is the tens digit of 893052246?
4
What is the millions digit of 191092787?
1
What is the tens digit of 384183802?
0
What is the millions digit of 138772604?
8
What is the hundreds digit of 90388330?
3
What is the hundred thousands digit of 407480556?
4
What is the ten millions digit of 839035054?
3
What is the thousands digit of 790308?
0
What is the units digit of 67669539?
9
What is the hundred millions digit of 1715390384?
7
What is the thousands digit of 899583691?
3
What is the thousands digit of 298134707?
4
What is the hundred thousands digit of 143980968?
9
What is the millions digit of 75314458?
5
What is the ten thousands digit of 17825010?
2
What is the millions digit of 1340032560?
0
What is the tens digit of 32303988?
8
What is the hundred millions digit of 4114326121?
1
What is the thousands digit of 72821401?
1
What is the thousands digit of 300861830?
1
What is the units digit of 114716505?
5
What is the thousands digit of 72516883?
6
What is the billions digit of 1841962972?
1
What is the ten millions digit of 828422833?
2
What is the millions digit of 112731851?
2
What is the hundred thousands digit of 134267823?
2
What is the hundred thousands digit of 26132303?
1
What is the ten thousands digit of 21008448?
0
What is the thousands digit of 747663743?
3
What is the ten millions digit of 44171804?
4
What is the units digit of 51063813?
3
What is the tens digit of 413036730?
3
What is the ten millions digit of 1145207863?
4
What is the tens digit of 120328197?
9
What is the tens digit of 65263991?
9
What is the hundreds digit of 238330447?
4
What is the millions digit of 633993920?
3
What is the hundreds digit of 419200614?
6
What is the units digit of 244172